9615338?
1
What is the thousands digit of 85208850?
8
What is the units digit of 142905122?
2
What is the hundreds digit of 110853270?
2
What is the tens digit of 146659268?
6
What is the millions digit of 264259782?
4
What is the hundred thousands digit of 69747854?
7
What is the units digit of 153927011?
1
What is the tens digit of 814645681?
8
What is the ten millions digit of 541771216?
4
What is the hundred millions digit of 1982529674?
9
What is the ten millions digit of 155567601?
5
What is the millions digit of 1118236655?
8
What is the ten millions digit of 42854775?
4
What is the tens digit of 2786888736?
3
What is the hundred millions digit of 3901279879?
9
What is the ten millions digit of 783343187?
8
What is the ten thousands digit of 84164159?
6
What is the ten millions digit of 10187977?
1
What is the millions digit of 48379486?
8
What is the millions digit of 1580256642?
0
What is the billions digit of 2316975721?
2
What is the thousands digit of 2593669020?
9
What is the tens digit of 43341657?
5
What is the hundred thousands digit of 54655856?
6
What is the thousands digit of 137268285?
8
What is the units digit of 583766329?
9
What is the thousands digit of 160954052?
4
What is the hundreds digit of 44594508?
5
What is the tens digit of 1615281894?
9
What is the tens digit of 5412855?
5
What is the units digit of 61882108?
8
What is the thousands digit of 3032007936?
7
What is the hundred thousands digit of 1916485195?
4
What is the hundred thousands digit of 109010337?
0
What is the hundreds digit of 1686366771?
7
What is the units digit of 37959163?
3
What is the hundreds digit of 66341288?
2
What is the tens digit of 2651640412?
1
What is the ten thousands digit of 1396193?
9
What is the hundred thousands digit of 126713575?
7
What is the millions digit of 834548577?
4
What is the units digit of 524942761?
1
What is the ten thousands digit of 2099106460?
0
What is the thousands digit of 14216427?
6
What is the tens digit of 627433554?
5
What is the millions digit of 7346386232?
6
What is the hundred millions digit of 167627923?
1
What is the ten thousands digit of 799441368?
4
What is the hundred millions digit of 161499771?
1
What is the tens digit of 40148805?
0
What is the units digit of 42529364?
4
What is the ten millions digit of 45596529?
4
What is the thousands digit of 1903475238?
5
What is the hundred thousands digit of 213558788?
5
What is the tens digit of 160533058?
5
What is the thousands digit of 22510336?
0
What is the hundreds digit of 2198725269?
2
What is the hundred millions digit of 2951320672?
9
What is the ten millions digit of 3068639993?
6
What is the hundred thousands digit of 485120859?
1
What is the millions digit of 230626829?
0
What is the hundreds digit of 499584405?
4
What is the thousands digit of 28977310?
7
What is the hundred millions digit of 241556251?
2
What is the tens digit of 30832097?
9
What is the millions digit of 272130381?
2
What is the ten thousands digit of 1547204954?
0
What is the units digit of 88546889?
9
What is the thousands digit of 19351822?
1
What is the ten thousands digit of 319759413?
5
What is the hundreds digit of 405780064?
0
What is the hundreds digit of 21027294?
2
What is the tens digit of 47345786?
8
What is the millions digit of 391401035?
1
What is the hundred thousands digit of 43708652?
7
What is the hundreds digit of 1665792396?
3
What is the millions digit of 1711656976?
1
What is the ten thousands digit of 328827946?
2
What is the hundreds digit of 125665344?
3
What is the tens digit of 66672324?
2
What is the hundreds digit of 1942190488?
4
What is the hundred thousands digit of 1088872516?
8
What is the thousands digit of 2625093?
5
What is the hundreds digit of 112658882?
8
What is the hundred millions digit of 559862673?
5
What is the billions digit of 2007502057?
2
What is the units digit of 73813092?
2
What is the ten thousands digit of 1615644077?
4
What is the hundreds digit of 3371991535?
5
What is the ten millions digit of 3400423053?
0
What is the units digit of 121070904?
4
What is the tens digit of 739233362?
6
What is the millions digit of 375427316?
5
What is the ten thousands digit of 547461112?
6
What is the hundred thousands digit of 398894690?
8
What is the millions digit of 1675058320?
5
What is the hundreds digit of 31906942?
9
What is the ten millions digit of 1308883237?
0
What is the tens digit of 61095373?
7
What is the units digit of 40438343?
3
What is the hundreds digit of 178250337?
3
What is the tens digit of 89003052?
5
What is the thousands digit of 1788144102?
4
What is the hundred millions digit of 1927566884?
9
What is the ten thousands digit of 519406505?
0
What is the thousands digit of 64078484?
8
What is the hundred thousands digit of 2573256486?
2
What is the ten thousands digit of 51911241?
1
What is the tens digit of 1409813120?
2
What is the thousands digit of 52563145?
3
What is the tens digit of 839029565?
6
What is the hundred millions digit of 911306136?
9
What is the millions digit of 4839864145?
9
What is the hundred millions digit of 207629676?
2
What is the units digit of 6212900?
0
What is the millions digit of 20936009?
0
What is the hundred thousands digit of 35762122?
7
What is the ten millions digit of 508440602?
0
What is the hundred millions digit of 703043471?
7
What is the thousands digit of 2467628565?
8
What is the thousands digit of 4724940194?
0
What is the hundreds digit of 1953182246?
2
What is the tens digit of 201519286?
8
What is the ten millions digit of 2806083016?
0
What is the hundred millions digit of 1407713856?
4
What is the hundred millions digit of 409924077?
4
What is the millions digit of 366637614?
6
What is the units digit of 63787250?
0
What is the tens digit of 581380466?
6
What is the millions digit of 1291574709?
1
What is the units digit of 591799863?
3
What is the tens digit of 230463630?
3
What is the tens digit of 74091850?
5
What is the thousands digit of 330358830?
8
What is the units digit of 450921408?
8
What is the ten thousands digit of 167769222?
6
What is the tens digit of 2336775014?
1
What is the billions digit of 1671277729?
1
What is the ten millions digit of 1752919662?
5
What is the hundred millions digit of 2182638981?
1
What is the ten thousands digit of 141577405?
7
What is the ten thousands digit of 5912116?
1
What is the ten thousands digit of 596972463?
7
What is the thousands digit of 30149006?
9
What is the millions digit of 530099662?
0
What is the millions digit of 643724023?
3
What is the tens digit of 145442729?
2
What is the ten thousands digit of 1034611707?
1
What is the hundred thousands digit of 377149705?
1
What is the units digit of 121426720?
0
What is the hundreds digit of 245857443?
4
What is the hundred thousands digit of 731837272?
8
What is the tens digit of 2498894170?
7
What is the tens digit of 30449540?
4
What is the hundred thousands digit of 138245265?
2
What is the hundred thousands digit of 69495718?
4
What is the hundred thousands digit of 52203849?
2
What is the millions digit of 783139376?
3
What is the hundred thousands digit of 4309961389?
9
What is the hundreds digit of 1687031533?
5
What is the hundred thousands digit of 237241361?
2
What is the tens digit of 645114758?
5
What is the hundred thousands digit of 806099?
8
What is the ten thousands digit of 346650112?
5
What is the ten thousands digit of 2929977327?
7
What is the millions digit of 46409238?
6
What is the millions digit of 2914302491?
4
What is the hundreds digit of 157686924?
9
What is the units digit of 51092497?
7
What is the hundred thousands digit of 48929790?
9
What is the millions digit of 2202682350?
2
What is the ten thousands digit of 151204827?
0
What is the ten millions digit of 5291573785?
9
What is the ten millions digit of 341555230?
4
What is the hundred thousands digit of 191921998?
9
What is the hundred thousands digit of 140703362?
7
What is the hundreds digit of 45719739?
7
What is the thousands digit of 75285947?
5
What is the hundred millions digit of 465552771?
4
What is the hundreds digit of 369358866?
8
What is the ten millions digit of 775456744?
7
What is the ten millions digit of 32147090?
3
What is the units d